).
5
Let f(k) = 4*k**2 + 160*k + 282. Determine f(-46).
1386
Let y(q) = -2*q**3 - 198*q**2 - 190*q + 271. Calculate y(-98).
-317
Let m(a) = -2*a**3 + 159*a**2 + 939*a - 43382. Determine m(82).
-4
Let p(a) = -a**3 - 19*a**2 + 975*a + 53. Give p(-42).
-325
Let c(w) = 22*w**3 + 265*w**2 - 8*w - 237. Determine c(-12).
3
Let f(x) = -3243*x - 3184. What is f(-1)?
59
Let u(o) = 423*o - 38458. Give u(91).
35
Let o(a) = -7724*a - 15365. Determine o(-2).
83
Let c(k) = -19*k**3 - 89*k**2 - 128*k - 104. Determine c(-3).
-8
Let f(y) = y**3 - 23*y**2 - 6842*y + 586. What is f(-72)?
730
Let k(h) = h**3 + 395*h**2 - 8727*h - 197. What is k(21)?
-8
Let o(v) = v**3 + 40*v**2 + 4*v - 2831. Calculate o(-38).
-95
Let z(o) = o**3 - 72*o**2 + 60*o + 758. Calculate z(71).
-23
Let n(x) = -x**2 - 1655*x - 53669. Determine n(-33).
-143
Let y(p) = -6398*p - 108770. What is y(-17)?
-4
Let r(g) = g**3 + 17*g**2 - 56*g - 615. Calculate r(-18).
69
Let a(v) = v**3 - 7*v**2 + 49*v + 17. Determine a(4).
165
Let j(p) = -p**3 + 79972*p**2 - 319882*p + 6. Determine j(4).
-34
Let l(w) = -w**3 - 50*w**2 + 437*w + 30. Give l(8).
-186
Let d(q) = 37319*q + 261234. Give d(-7).
1
Let s(a) = 11996*a + 275896. What is s(-23)?
-12
Let j(k) = 36744*k + 293930. Calculate j(-8).
-22
Let c(o) = o**3 - 10*o**2 - 79339*o + 793390. Give c(10).
0
Let j(a) = a**3 - 30*a**2 + 244*a - 3. Give j(9).
492
Let s(k) = -154*k - 5304. Determine s(-32).
-376
Let v(y) = 317*y - 11274. What is v(36)?
138
Let z(c) = c**2 - 583*c - 21605. Calculate z(-35).
25
Let u(p) = -230314*p - 1381953. Determine u(-6).
-69
Let m(b) = 251*b + 34915. What is m(-139)?
26
Let t(z) = -5498*z - 32164. Give t(-5).
-4674
Let y(r) = -6*r**3 + 71*r**2 - 10*r + 288. Give y(12).
24
Let b(x) = x**2 + 380*x + 25105. What is b(-85)?
30
Let g(i) = 90*i**3 - 16*i**2 - 56*i - 55. Give g(-1).
-105
Let j(k) = -4600*k - 975209. What is j(-212)?
-9
Let r(h) = -8*h**3 + 832*h**2 - h - 352. Give r(104).
-456
Let y(g) = 348*g + 46361. Give y(-122).
3905
Let n(c) = -1199*c - 6049. Calculate n(-5).
-54
Let h(a) = 378*a + 16744. Calculate h(-44).
112
Let i(j) = 1907*j - 49358. Determine i(26).
224
Let o(w) = -137*w**2 - 12873*w + 507. Give o(-94).
37
Let z(s) = s**3 - 70*s**2 - 5344*s + 22423. What is z(4)?
-9
Let h(q) = 2482771*q + 17379404. Calculate h(-7).
7
Let i(t) = -3*t**3 + 304*t**2 - 1806*t + 88. Give i(95).
-7
Let d(n) = -n**3 + 7*n**2 + 89*n - 310. Determine d(12).
38
Let g(o) = -19*o**2 - 4447*o - 1350. What is g(-234)?
-1116
Let c(k) = -418749*k - 837428. Give c(-2).
70
Let f(x) = -2230*x + 7. Give f(0).
7
Let g(w) = -553*w - 4398. Determine g(-8).
26
Let m(q) = -16*q**3 - 2162*q**2 + 5*q + 37126. Give m(-135).
1
Let z(m) = -3*m**2 - 955*m + 13720. Determine z(-332).
108
Let m(l) = 3425*l + 9895. Calculate m(-3).
-380
Let n(v) = v**3 - 25*v**2 + 209*v - 574. What is n(7)?
7
Let q(l) = -1071*l**2 - 37484*l + 19. Determine q(-35).
-16
Let k(r) = -7*r**2 - 304*r - 32. Determine k(-41).
665
Let g(y) = y**3 + 36*y**2 - 3714*y - 138351. Calculate g(-38).
-107
Let c(a) = -623*a - 59146. What is c(-95)?
39
Let w(z) = 10706*z + 107238. Determine w(-10).
178
Let l(y) = -y**2 - 199*y + 601. Determine l(3).
-5
Let y(x) = -21*x**2 + 3891*x - 30810. Calculate y(177).
-12
Let l(o) = -7*o**3 + 2*o**2 + 7494*o + 14974. Calculate l(-2).
50
Let x(c) = 14*c**2 - 60*c - 28. Calculate x(-4).
436
Let g(l) = 3*l**3 + 21*l**2 + 64*l + 322. Give g(-12).
-2606
Let t(q) = q**3 - 18*q**2 - 115*q + 16. Calculate t(23).
16
Let i(h) = 5798*h - 353680. Calculate i(61).
-2
Let o(u) = 169*u**2 + 3713*u + 122. Determine o(-22).
232
Let n(d) = -63543*d - 1588606. Calculate n(-25).
-31
Let t(u) = -834118*u - 12511776. Calculate t(-15).
-6
Let l(g) = 7767*g - 225316. Calculate l(29).
-73
Let n(z) = 1388*z + 98555. What is n(-71)?
7
Let k(u) = -u**3 - 283*u**2 + 3228*u + 64. Calculate k(11).
-2
Let d(g) = -779*g - 149111. What is d(-190)?
-1101
Let o(k) = -156*k**2 - 73*k - 71. Determine o(-1).
-154
Let y(p) = 1022*p - 4930. Determine y(5).
180
Let h(i) = 229*i**2 - 353*i - 1440. Determine h(-4).
3636
Let r(a) = -a**3 - 58*a**2 + 256*a - 95. What is r(4)?
-63
Let d(y) = 4007*y - 116213. Determine d(29).
-10
Let s(p) = 4*p**3 + 1056*p**2 + 392*p + 103489. Determine s(-264).
1
Let m(q) = 23*q**2 - 5453*q - 5016. What is m(238)?
-18
Let p(y) = -543138*y + 3258839. Determine p(6).
11
Let o(a) = 16*a**3 + 109*a**2 - 19*a + 21. What is o(-7)?
7
Let i(v) = -770*v - 1192734. What is i(-1549)?
-4
Let n(p) = 6*p**3 + 13*p**2 - p + 11. Give n(-3).
-31
Let n(c) = -612740*c - 612754. Calculate n(-1).
-14
Let b(u) = -12125*u - 5553237. Calculate b(-458).
13
Let j(f) = 498937*f + 10976643. Calculate j(-22).
29
Let d(c) = 10412*c + 270582. What is d(-26)?
-130
Let o(h) = -1204*h**2 + 3699*h - 252. Determine o(3).
9
Let a(c) = c**3 - 18*c**2 + 99*c - 312. Determine a(12).
12
Let t(j) = -2*j**2 + 2463*j + 567706. What is t(1430)?
-4
Let y(h) = -277*h - 1927. Give y(-8).
289
Let z(o) = o**3 + 7*o**2 + 7*o + 947. Give z(-14).
-523
Let m(s) = 4*s**2 - 98*s + 291. Give m(3).
33
Let i(j) = 50*j - 6390. Give i(118).
-490
Let i(g) = 1644*g + 144626. Determine i(-88).
-46
Let o(c) = -131*c**2 + 6150*c + 254. What is o(47)?
-75
Let s(b) = -241*b + 62706. Calculate s(262).
-436
Let i(j) = j**3 - 7*j**2 + 29*j + 251. Calculate i(-6).
-391
Let z(q) = 2*q**3 + 829*q**2 - 913*q + 139353. What is z(-416)?
-7
Let a(p) = p**3 - 42*p**2 - 21490*p - 269. Give a(-127).
3160
Let w(c) = 30860*c - 184437. Determine w(6).
723
Let h(k) = 5*k**2 - 76*k + 20. Give h(5).
-235
Let l(j) = 2*j**2 - 845*j + 57972. Calculate l(334).
-1146
Let z(q) = -q**3 + 111*q**2 - 1214*q - 11. Give z(11).
-1265
Let d(t) = 2*t**3 + 13*t**2 - 55*t - 92. Calculate d(11).
3538
Let b(h) = 7*h**2 - 56*h - 7065. Give b(-28).
-9
Let r(m) = 22*m**2 - 1946*m - 334. Calculate r(89).
734
Let i(h) = -243337*h - 1460053. Give i(-6).
-31
Let j(x) = x**2 - 123*x + 1914. Calculate j(101).
-308
Let b(x) = x**2 - 118*x + 3254. Calculate b(44).
-2
Let c(s) = 259497*s - 7006408. Give c(27).
11
Let j(i) = -i**2 + 13*i - 118. What is j(10)?
-88
Let y(r) = 2*r**3 - 197*r**2 + 2488*r + 355. What is y(15)?
100
Let s(n) = -9*n**3 - 11*n**2 - 128*n - 254. Give s(-2).
30
Let o(g) = -1212*g + 65481. Give o(54).
33
Let o(k) = -k**3 - 72*k**2 - 569*k + 3. Calculate o(0).
3
Let d(s) = -54*s - 12342. Determine d(-228).
-30
Let v(s) = -2935*s - 229819. Give v(-79).
2046
Let p(n) = n**3 + 21*n**2 - 113*n + 361. What is p(-26)?
-81
Let x(v) = 10764*v + 2852480. Give x(-265).
20
Let y(x) = 9009*x - 8885. What is y(1)?
124
Let p(s) = 15*s**3 + 1157*s**2 + 167*s - 456. Give p(-77).
-1457
Let d(s) = -7*s**3 + 225*s**2 - 52*s + 634. Give d(32).
-6
Let a(h) = 12440*h + 74568. Calculate a(-6).
-72
Let g(a) = 10*a**2 - 12195*a - 48807. Calculate g(-4).
133
Let h(a) = 1294*a - 5385. Determine h(4).
-209
Let g(o) = -12*o**2 - 234*o - 34. Give g(-21).
-412
Let h(a) = a**3 - 54*a**2 + 198*a - 7845. Give h(53).
-160
Let a(i) = -277488*i - 1109908. What is a(-4)?
44
Let r(l) = 2*l**2 - 1268*l + 119369. Give r(519).
-1
Let b(z) = 2*z**3 + 342*z**2 - 407*z - 10761. Give b(-172).
75
Let h(t) = -2*t**3 + 148*t**2 - 1061*t + 103822. Calculate h(76).
82
Let w(h) = -h**3 - 51*h**2 + 17*h - 7841. Determine w(-54).
-11
Let s(m) = -2*m**2 - 3386*m + 110396. Calculate s(32).
-4
Let h(p) = 57374*p + 12851757. Calculate h(-224).
-19
Let d(u) = 21*u**2 + 57*u - 36. Calculate d(-2).
-66
Let f(q) = 176*q + 56. Determine f(-1).
-120
Let l(k) = -39*k**2 + 7990*k + 989. Calculate l(205).
-36
Let n(g) = -5*g**3 - 57*g**2 - 7*g - 54. Calculate n(-11).
-219
Let b(s) = 44*s**2 - 63*s + 11. Give b(6).
1217
Let u(s) = -2*s**2 - 304*s + 61371. Calculate u(-267).
-39
Let t(q) = -8*q**3 + 224*q**2 - 206*q - 1. Give t(27).
269
Let g(r) = -14*r**3 + 50*r**2 - 5*r - 9. Give g(3).
48
Let l(c) = -2885*c + 31738. What is l(11)?
3
Let n(q) = 959*q**2 + 2*q - 32. Determine n(0).
-32
Let k(w) = -w**3 + 5*w**2 + 22*w - 625. Give k(-7).
-191
Let g(m) = -5*m**3 - 581*m**2 - 12932*m - 41. Determine g(-30).
19
Let n(l) = 9*l + 19. What is n(16)?
163
Let l(u) = u**3 + 24*u**2 + 27151*u + 651614. What is l(-24)?
-10
Let f(w) = 283*w + 1781. Give f(13).
5460
Let g(y) = -44*y**2 + 839*y - 57. What is g(19)?
0
Let j(v) = -2*v**3 - 8